git of 48986570?
6
What is the ten thousands digit of 69274607?
7
What is the hundreds digit of 2894630397?
3
What is the hundreds digit of 3341424127?
1
What is the hundred thousands digit of 1548057322?
0
What is the ten millions digit of 112156747?
1
What is the tens digit of 42678689?
8
What is the billions digit of 2233345378?
2
What is the hundred thousands digit of 43890619?
8
What is the tens digit of 14925706?
0
What is the hundred thousands digit of 6620991181?
9
What is the millions digit of 426236911?
6
What is the hundred thousands digit of 529568574?
5
What is the hundreds digit of 6441931542?
5
What is the ten thousands digit of 405936438?
3
What is the hundred millions digit of 869525461?
8
What is the ten thousands digit of 2208716311?
1
What is the hundreds digit of 794830921?
9
What is the hundreds digit of 2170662411?
4
What is the ten millions digit of 48481233?
4
What is the thousands digit of 2995825710?
5
What is the tens digit of 26378035?
3
What is the ten millions digit of 59480190?
5
What is the millions digit of 152898410?
2
What is the millions digit of 377254795?
7
What is the hundreds digit of 269483435?
4
What is the thousands digit of 51526883?
6
What is the hundreds digit of 53522101?
1
What is the ten thousands digit of 355984987?
8
What is the ten thousands digit of 6525404?
2
What is the thousands digit of 18893057?
3
What is the millions digit of 249754794?
9
What is the ten thousands digit of 237391638?
9
What is the ten thousands digit of 4016967333?
6
What is the hundreds digit of 9554659?
6
What is the tens digit of 686310115?
1
What is the units digit of 148220178?
8
What is the hundreds digit of 7067718?
7
What is the hundreds digit of 70613203?
2
What is the thousands digit of 1179462467?
2
What is the ten thousands digit of 1004486521?
8
What is the tens digit of 347248874?
7
What is the hundred thousands digit of 3413499947?
4
What is the tens digit of 1833129037?
3
What is the ten millions digit of 2726600806?
2
What is the units digit of 13804655?
5
What is the thousands digit of 1512369041?
9
What is the ten millions digit of 63256982?
6
What is the thousands digit of 977519486?
9
What is the hundreds digit of 2258498308?
3
What is the tens digit of 121089673?
7
What is the tens digit of 467846895?
9
What is the hundreds digit of 198144315?
3
What is the hundred thousands digit of 305774991?
7
What is the hundred millions digit of 609676804?
6
What is the thousands digit of 2242698940?
8
What is the tens digit of 46899772?
7
What is the millions digit of 1940078259?
0
What is the ten thousands digit of 49722404?
2
What is the thousands digit of 325962020?
2
What is the thousands digit of 5345541275?
1
What is the thousands digit of 162819881?
9
What is the hundreds digit of 696118544?
5
What is the hundred thousands digit of 68014778?
0
What is the hundreds digit of 75161842?
8
What is the hundred thousands digit of 988101080?
1
What is the ten thousands digit of 19748185?
4
What is the hundred millions digit of 1664073625?
6
What is the tens digit of 693406841?
4
What is the hundreds digit of 276234449?
4
What is the ten millions digit of 24593269?
2
What is the hundreds digit of 11545350?
3
What is the millions digit of 245853880?
5
What is the tens digit of 941017719?
1
What is the hundreds digit of 716277268?
2
What is the ten thousands digit of 31039095?
3
What is the hundred millions digit of 962317796?
9
What is the hundred millions digit of 938421723?
9
What is the tens digit of 72833600?
0
What is the ten millions digit of 63958478?
6
What is the ten thousands digit of 246452648?
5
What is the millions digit of 633052038?
3
What is the hundred millions digit of 271933507?
2
What is the ten thousands digit of 1071471606?
7
What is the hundreds digit of 211892908?
9
What is the ten thousands digit of 2748797790?
9
What is the millions digit of 1800782289?
0
What is the ten thousands digit of 467421687?
2
What is the hundreds digit of 2609499622?
6
What is the tens digit of 1503839484?
8
What is the ten thousands digit of 13928974?
2
What is the tens digit of 171359222?
2
What is the hundreds digit of 51729620?
6
What is the millions digit of 697404752?
7
What is the ten millions digit of 179178245?
7
What is the tens digit of 205239884?
8
What is the billions digit of 3467228891?
3
What is the ten millions digit of 130989582?
3
What is the ten millions digit of 2634530878?
3
What is the thousands digit of 791887?
1
What is the hundred thousands digit of 153776125?
7
What is the tens digit of 369972720?
2
What is the millions digit of 2064734921?
4
What is the hundreds digit of 22028587?
5
What is the hundred millions digit of 900293937?
9
What is the ten thousands digit of 173944057?
4
What is the thousands digit of 1683397805?
7
What is the millions digit of 6556042257?
6
What is the ten millions digit of 107271894?
0
What is the ten thousands digit of 360393745?
9
What is the tens digit of 740839705?
0
What is the units digit of 156141064?
4
What is the millions digit of 134424635?
4
What is the billions digit of 1176441198?
1
What is the thousands digit of 2410170103?
0
What is the ten thousands digit of 169398167?
9
What is the thousands digit of 1051552758?
2
What is the ten millions digit of 359853820?
5
What is the hundred thousands digit of 308132502?
1
What is the hundred thousands digit of 126658742?
6
What is the thousands digit of 54145201?
5
What is the tens digit of 40938954?
5
What is the thousands digit of 2135512987?
2
What is the millions digit of 94515581?
4
What is the hundred millions digit of 1600276492?
6
What is the thousands digit of 71947060?
7
What is the hundred millions digit of 601770535?
6
What is the hundred millions digit of 1682734668?
6
What is the ten millions digit of 600060023?
0
What is the units digit of 20514143?
3
What is the units digit of 77076511?
1
What is the hundreds digit of 15950808?
8
What is the millions digit of 3011062?
3
What is the hundred thousands digit of 4493178604?
1
What is the thousands digit of 111272725?
2
What is the ten thousands digit of 9080484?
8
What is the thousands digit of 2376109542?
9
What is the thousands digit of 14116016?
6
What is the thousands digit of 437379995?
9
What is the ten thousands digit of 47028676?
2
What is the tens digit of 95405640?
4
What is the thousands digit of 200211357?
1
What is the hundred thousands digit of 261876784?
8
What is the hundred thousands digit of 3261182069?
1
What is the hundreds digit of 58971390?
3
What is the tens digit of 217529934?
3
What is the billions digit of 1692706316?
1
What is the hundred thousands digit of 854021648?
0
What is the ten thousands digit of 267451319?
5
What is the hundreds digit of 5846564?
5
What is the ten millions digit of 20710565?
2
What is the millions digit of 8108690?
8
What is the hundred thousands digit of 318042169?
0
What is the ten millions digit of 529129039?
2
What is the thousands digit of 1390776058?
6
What is the ten millions digit of 51452203?
5
What is the hundred thousands digit of 69512628?
5
What is the ten thousands digit of 63137645?
3
What is the units digit of 348090042?
2
What is the ten millions digit of 22857422?
2
What is the millions digit of 3058479437?
8
What is the ten millions digit of 238334299?
3
What is the ten millions digit of 6104741570?
0
What is the tens digit of 347612313?
1
What is the millions digit of 1925866488?
5
What is the units digit of 9355144?
4
What is the ten millions digit of 109362311?
0
What is the hundreds digit of 87874594?
5
What is the ten millions digit of 121822354?
2
What is the millions digit of 29125062?
9
What is the billions digit of 1519663226?
1
What is the thousands digit of 40807108?
7
What is the units digit of 163676883?
3
What is the thousands digit of 21093901?
3
What is the ten millions digit of 6165447655?
6
What is the hundred thousands digit of 26366022?
3
What is the hundred millions digit of 1127975905?
1
What is the ten millions digit of 6535162271?
3
What is the billions digit of 3926219351?
3
What is the hundreds digit of 47663892?
8
What is the hundreds digit of 38256595?
5
What is the millions digit of 93314532?
3
What is the hundred millions digit of